e 12, what is -937 + -11348?
-12083
In base 6, what is -404204420 + 4?
-404204412
In base 16, what is b4 + 7f69?
801d
In base 12, what is -43 + 318756?
318713
In base 5, what is 212 + 242234342?
242240104
In base 6, what is 121121024 - 200?
121120424
In base 10, what is -3 - -4217349?
4217346
In base 10, what is -3 + -3957553?
-3957556
In base 2, what is -11101 + 1001010000010?
1001001100101
In base 8, what is 464770 + 4547?
471537
In base 11, what is 3 + -9343a59?
-9343a56
In base 14, what is 48 - 6216d8?
-621690
In base 10, what is -61 + 476288?
476227
In base 10, what is 151004 + 155?
151159
In base 2, what is 101111001 - -11111100?
1001110101
In base 16, what is -1d7082 - -1?
-1d7081
In base 2, what is 1010 - -11101011100011100?
11101011100100110
In base 2, what is -1011 - 1010101010111100101111011?
-1010101010111100110000110
In base 13, what is -2c7c - 203b9?
-23368
In base 8, what is -5 - 147567517?
-147567524
In base 9, what is 103 - 1017274?
-1017171
In base 8, what is 27570443 - -3?
27570446
In base 12, what is 205089 - -11?
20509a
In base 14, what is c + 189389?
189397
In base 7, what is -26405424 - 245?
-26406002
In base 5, what is 10 + -104322020020?
-104322020010
In base 14, what is -4b085d01 - -4?
-4b085cdb
In base 14, what is 1b35 + -3c4a?
-2115
In base 16, what is -4 + -3a5a934?
-3a5a938
In base 15, what is -57 + -36de6?
-36e4d
In base 10, what is -18426 - 131?
-18557
In base 7, what is -10 + -553112100?
-553112110
In base 5, what is -2 - -1234204304?
1234204302
In base 5, what is -110000340 + 304?
-110000031
In base 2, what is 1010011 + 10100000001010111?
10100000010101010
In base 7, what is -3106461 - 2623?
-3112414
In base 14, what is 31 - 22db1?
-22d80
In base 12, what is -3834895 + -2?
-3834897
In base 15, what is -16 - -52d04c?
52d036
In base 16, what is b060 - -2?
b062
In base 8, what is 5 - -31367517?
31367524
In base 15, what is 12922004 + -2?
12922002
In base 2, what is 1010011011100110000 + 1011100010?
1010011101000010010
In base 10, what is -650211 + 1010?
-649201
In base 5, what is 120 - 14040410?
-14040240
In base 9, what is -406 - 342732?
-343238
In base 11, what is -2a187257 + 5?
-2a187252
In base 6, what is -3212130 + 502?
-3211224
In base 15, what is 3 + -126c06?
-126c03
In base 13, what is -4 - -13b7b97?
13b7b93
In base 12, what is -6ab34 - 195?
-6b109
In base 14, what is -a8cc38 + -2?
-a8cc3a
In base 7, what is 266363 + -403?
265660
In base 9, what is 3305465 - -25?
3305501
In base 5, what is -1042213430 + -2?
-1042213432
In base 8, what is 450 + 202062?
202532
In base 11, what is -465159 - -1?
-465158
In base 15, what is -11632 + -1cc?
-1180e
In base 10, what is -3 - -18605719?
18605716
In base 3, what is -2102220000022 + -22?
-2102220000121
In base 9, what is 231460 - -164?
231634
In base 3, what is -2221211201 - -11011220?
-2210122211
In base 16, what is 614b - -27e?
63c9
In base 2, what is 10 + 100001101000110001010111?
100001101000110001011001
In base 11, what is -44 - 25661?
-256a5
In base 10, what is -1 - -7414730?
7414729
In base 7, what is 323526602 - -2?
323526604
In base 7, what is 5 + -126661116?
-126661111
In base 6, what is -11344110 + 1123?
-11342543
In base 6, what is 1101545424 + -5?
1101545415
In base 8, what is 60262401 - 17?
60262362
In base 14, what is -486bb2 - 3?
-486bb5
In base 10, what is -1764807 - -399?
-1764408
In base 12, what is 9a325310 + -3?
9a325309
In base 3, what is 122122222 - 22221011?
22201211
In base 8, what is 10152773 - 27?
10152744
In base 8, what is -710703 + -367?
-711272
In base 5, what is 24121 + -43200?
-14024
In base 16, what is fd - -7611?
770e
In base 7, what is 3106432 + -5?
3106424
In base 3, what is -220011200021 - 110?
-220011200201
In base 6, what is 21532442352 + -2?
21532442350
In base 5, what is 21202422 - 232?
21202140
In base 11, what is -6 - 14a10226?
-14a10231
In base 7, what is -6 + -23152345?
-23152354
In base 8, what is 11 - 346455361?
-346455350
In base 12, what is 3 - 45a903?
-45a900
In base 11, what is -81 - -1133a?
11269
In base 3, what is 1212210010 - -102?
1212210112
In base 4, what is 131300 - 101302023?
-101110123
In base 3, what is 101001 + -111121000022?
-111120122021
In base 6, what is -55 - -15123240?
15123141
In base 7, what is -16156154 + -221?
-16156405
In base 13, what is 3ac027 + -41?
3abcb6
In base 8, what is -335664 + -5?
-335671
In base 3, what is 1022 - 1021112101211021?
-1021112101202222
In base 11, what is -2 + -5aa4832?
-5aa4834
In base 16, what is 34 - -ee51?
ee85
In base 6, what is -1514 + -45400?
-51314
In base 5, what is -20 - -12233213332?
12233213312
In base 15, what is -2d + 2d2a04?
2d29c6
In base 5, what is 12 + -1110011234?
-1110011222
In base 2, what is -1010000000010000000110 + -1001101?
-1010000000010001010011
In base 9, what is -3361474 - -55?
-3361418
In base 14, what is -392c - -95d?
-2dad
In base 5, what is -13221 - -2443?
-10223
In base 3, what is 1201021101201100210 + -2?
1201021101201100201
In base 5, what is -22 + -131004344343?
-131004344420
In base 12, what is -2 - 31a2495?
-31a2497
In base 4, what is 13022301 - 22330?
12333311
In base 8, what is 47 - -16344170?
16344237
In base 3, what is -10010 - -1010102020111?
1010102010101
In base 9, what is 15406831 + -63?
15406757
In base 13, what is 4ba7aa + -2?
4ba7a8
In base 7, what is 232652 - 534?
232115
In base 15, what is 2daccdc0 - -3?
2daccdc3
In base 10, what is 36445986 - -2?
36445988
In base 8, what is -4 + -30116546?
-30116552
In base 13, what is 7 - -17b9691a?
17b96924
In base 8, what is 1306 - 622164?
-620656
In base 11, what is -482105 + -4?
-482109
In base 10, what is -116223952 - 4?
-116223956
In base 8, what is -37124 + -612?
-37736
In base 4, what is 110 + 1030213232101?
1030213232211
In base 15, what is 158e0 - 19?
158c6
In base 9, what is 143531 - 181?
143340
In base 8, what is -473 - -3532767?
3532274
In base 16, what is -c0277cf + -4?
-c0277d3
In base 9, what is -11718803 - 3?
-11718806
In base 3, what is -221111221021011 - 12?
-221111221021100
In base 14, what is -4bb5aa1 - -5?
-4bb5a9a
In base 10, what is -14522611 + -6?
-14522617
In base 4, what is -3030312 - 1112?
-3032030
In base 3, what is 1001202 + -201202012111?
-201201010202
In base 2, what is 10100100001 - -10000101?
10110100110
In base 16, what is 397 - -1504a?
153e1
In base 16, what is 3e3379e + 6?
3e337a4
In base 9, what is -8 - -7110865?
7110856
In base 13, what is b68 + -1c3c6?
-1b55b
In base 7, what is 233164612 + 34?
233164646
In base 12, what is -20 + -78337?
-78357
In base 8, what is 130134 - 335?
127577
In base 3, what is -20122121 - -110222212?
20100021
In base 10, what is 46232271 - -10?
46232281
In base 15, what is ab4 + 274?
d38
In base 5, what is -140001000 - -224?
-140000221
In base 8, what is 3640171 - 2?
3640167
In base 7, what is 1032105 - 260?
1031515
In base 11, what is -4 + -26a366?
-26a36a
In base 4, what is -20200011303 + -22?
-20200011331
In base 4, what is 22123012 + -100000?
22023012
In base 4, what is -2 + 21100110112?
21100110110
In base 8, what is 571 + 1052706?
1053477
In base 16, what is -1b74c5f + 0?
-1b74c5f
In base 6, what is -150 + -1031040502?
-1031041052
In base 13, what is -a911 - 2180?
-ca91
In base 8, what is -4 + 312461773?
312461767
In base 16, what is -6271 + -25?
-6296
In base 15, what is 5 - 157363b?
-1573636
In base 7, what is -3121245 - -652?
-3120263
In base 2, what is -101010110000001011100111 + 1?
-101010110000001011100110
In base 3, what is -101112110 + 10011?
-101102022
In base 13, what is -228 + 1273?
1048
In base 14, what is -120c4 + -13ac?
-13492
In base 7, what is -121251610 - -2?
-121251605
In base 4, what is 31000200 - -201?
31001001
In base 10, what is -7685257 + -10?
-7685267
In base 16, what is 428e12e - 1?
428e12d
In base 11, what is 4610 - -10075?
14685
In base 16, what is e97 - -56bf?
6556
In base 9, what is 166 - 55805?
-55628
In base 4, what is -113 + -131210020103?
-131210020222
In base 8, what is -106025 + -3724?
-111751
In base 4, what is -11 - 300001203213?
-300001203230
In base 7, what is -16650 - -10232?
-6415
In base 15, what is 687a - 33?
6847
In base 8, what is 1047753 + -70?
1047663
In base 5, what is -4113434 + 42243?
-4021141
In base 7, what is 212353515 - 2?
212353513
In base 10, what is 1577